{"id":21,"date":"2021-12-06T07:56:00","date_gmt":"2021-12-06T07:56:00","guid":{"rendered":"https:\/\/azvheidelbach.de\/?page_id=21"},"modified":"2025-10-08T15:27:07","modified_gmt":"2025-10-08T13:27:07","slug":"startseite","status":"publish","type":"page","link":"https:\/\/www.azv-heidelbach.de\/","title":{"rendered":"Startseite"},"content":{"rendered":"<p>[et_pb_section fb_built=&#8220;1&#8243; _builder_version=&#8220;4.16&#8243; _module_preset=&#8220;default&#8220; custom_padding=&#8220;6px||27px|||&#8220; global_colors_info=&#8220;{}&#8220;][et_pb_row column_structure=&#8220;3_5,2_5&#8243; _builder_version=&#8220;4.16&#8243; _module_preset=&#8220;default&#8220; custom_padding=&#8220;15px|10px||10px|false|false&#8220; global_colors_info=&#8220;{}&#8220;][et_pb_column type=&#8220;3_5&#8243; _builder_version=&#8220;4.16&#8243; _module_preset=&#8220;default&#8220; global_colors_info=&#8220;{}&#8220;][et_pb_text _builder_version=&#8220;4.16&#8243; _module_preset=&#8220;default&#8220; global_colors_info=&#8220;{}&#8220;]<\/p>\n<h4>Herzlich Willkommen beim Abwasserzweckverband Heidelbach!<\/h4>\n<p>&nbsp;<\/p>\n<p>Der Schutz unserer\u00a0Umwelt z\u00e4hlt gegenw\u00e4rtig zu einer der wichtigsten Aufgaben der menschlichen Daseinsvorsorge, zur Sicherung elementarer Lebensgrundlagen.<\/p>\n<p>Eine ordnungsgem\u00e4\u00dfe Abwasserentsorgung tr\u00e4gt ma\u00dfgebend zur Erhaltung und Verbesserung\u00a0der Qualit\u00e4t\u00a0der Wasserressourcen auf der ganzen Welt bei.<\/p>\n<p>Es liegt in unserer Verantwortung zu Handeln, f\u00fcr das Leben heute und f\u00fcr die Zukunft unserer Kinder.<\/p>\n<p>&nbsp;<\/p>\n<p>Klepel<br \/>Verbandsvorsitzender<\/p>\n<p>[\/et_pb_text][\/et_pb_column][et_pb_column type=&#8220;2_5&#8243; _builder_version=&#8220;4.16&#8243; _module_preset=&#8220;default&#8220; global_colors_info=&#8220;{}&#8220;][et_pb_image src=&#8220;https:\/\/www.azv-heidelbach.de\/wp-content\/uploads\/2021\/12\/st_pic.png&#8220; title_text=&#8220;st_pic&#8220; _builder_version=&#8220;4.16&#8243; _module_preset=&#8220;default&#8220; global_colors_info=&#8220;{}&#8220;][\/et_pb_image][\/et_pb_column][\/et_pb_row][et_pb_row _builder_version=&#8220;4.17.3&#8243; _module_preset=&#8220;default&#8220; hover_enabled=&#8220;0&#8243; global_colors_info=&#8220;{}&#8220; custom_margin=&#8220;0px||0px||false|false&#8220; custom_padding=&#8220;0px||0px||false|false&#8220; sticky_enabled=&#8220;0&#8243;][et_pb_column type=&#8220;4_4&#8243; _builder_version=&#8220;4.17.3&#8243; _module_preset=&#8220;default&#8220; global_colors_info=&#8220;{}&#8220;][et_pb_text _builder_version=&#8220;4.17.3&#8243; _module_preset=&#8220;default&#8220; hover_enabled=&#8220;0&#8243; global_colors_info=&#8220;{}&#8220; custom_margin=&#8220;|10px||10px|false|false&#8220; sticky_enabled=&#8220;0&#8243;]<\/p>\n<h3><strong>Wir haben einen Image Film erstellt, um Ihnen einen Einblick in unsere Arbeit zugeben.<\/strong><\/h3>\n<p>[\/et_pb_text][\/et_pb_column][\/et_pb_row][et_pb_row _builder_version=&#8220;4.17.3&#8243; _module_preset=&#8220;default&#8220; global_colors_info=&#8220;{}&#8220;][et_pb_column type=&#8220;4_4&#8243; _builder_version=&#8220;4.17.3&#8243; _module_preset=&#8220;default&#8220; global_colors_info=&#8220;{}&#8220;][et_pb_video src=&#8220;https:\/\/www.azv-heidelbach.de\/wp-content\/uploads\/2025\/10\/AZV-MP.mp4&#8243; _builder_version=&#8220;4.17.3&#8243; _module_preset=&#8220;default&#8220; module_alignment=&#8220;left&#8220; custom_margin=&#8220;|10px||10px|false|false&#8220; hover_enabled=&#8220;0&#8243; global_colors_info=&#8220;{}&#8220; sticky_enabled=&#8220;0&#8243;][\/et_pb_video][\/et_pb_column][\/et_pb_row][et_pb_row column_structure=&#8220;3_5,2_5&#8243; _builder_version=&#8220;4.17.3&#8243; _module_preset=&#8220;default&#8220; custom_padding=&#8220;|||10px|false|false&#8220; global_colors_info=&#8220;{}&#8220;][et_pb_column type=&#8220;3_5&#8243; _builder_version=&#8220;4.17.3&#8243; _module_preset=&#8220;default&#8220; global_colors_info=&#8220;{}&#8220;][et_pb_text _builder_version=&#8220;4.17.3&#8243; _module_preset=&#8220;default&#8220; global_colors_info=&#8220;{}&#8220;]<\/p>\n<p><span style=\"color: #ff0000;\">*NEU*<\/span> Um Sie immer mit den aktuellsten Information zu versorgen,<br \/>haben wir einen <span style=\"color: #ff0000;\">Newsletter<\/span> eingerichtet.<\/p>\n<p>Bei \u00c4nderungen und Wichtigen Informationen werden wir dies an alle senden,<br \/>die sich dazu bei uns angemeldet haben.<\/p>\n<p>Melden Sie sich noch heute an!<\/p>\n<p>[\/et_pb_text][\/et_pb_column][et_pb_column type=&#8220;2_5&#8243; _builder_version=&#8220;4.17.3&#8243; _module_preset=&#8220;default&#8220; global_colors_info=&#8220;{}&#8220;][et_pb_text _builder_version=&#8220;4.17.3&#8243; _module_preset=&#8220;default&#8220; custom_margin=&#8220;||52px|||&#8220; global_colors_info=&#8220;{}&#8220;]<\/p>\n<p><strong>Newsletter Anmeldung<\/strong><\/p>\n<div class=\"tnp tnp-subscription \">\n<form method=\"post\" action=\"https:\/\/www.azv-heidelbach.de\/wp-admin\/admin-ajax.php?action=tnp&amp;na=s\">\n<input type=\"hidden\" name=\"nlang\" value=\"\">\n<div class=\"tnp-field tnp-field-surname\"><label for=\"tnp-1\">Name<\/label>\n<input class=\"tnp-surname\" type=\"text\" name=\"ns\" id=\"tnp-1\" value=\"\" placeholder=\"\"><\/div><div class=\"tnp-field tnp-field-email\"><label for=\"tnp-2\">E-Mail Adresse<\/label>\n<input class=\"tnp-email\" type=\"email\" name=\"ne\" id=\"tnp-2\" value=\"\" placeholder=\"\" required><\/div>\n<div class=\"tnp-field tnp-privacy-field\"><label><input type=\"checkbox\" name=\"ny\" required class=\"tnp-privacy\"> <a target=\"_blank\" href=\"https:\/\/www.azv-heidelbach.de\/?page_id=4\">Ich habe die Datenschutzerkl\u00e4rung gelesen und akzeptiere diese.<\/a><\/label><\/div><div class=\"tnp-field tnp-field-button\" style=\"text-align: left\"><input class=\"tnp-submit\" type=\"submit\" value=\"Newsletter abonnieren\" style=\"\">\n<\/div>\n<\/form>\n<\/div>\n\n<p><span>Wenn Sie das Einverst\u00e4ndnises widerrufen m\u00f6chten \u00fcbersenden Sie uns die<\/span><span> registrierte E-Mail-Adresse mit den Vermerk &#8222;Widerruf Newsletter&#8220;.<\/span><\/p>\n<p>[\/et_pb_text][\/et_pb_column][\/et_pb_row][\/et_pb_section]<\/p>\n","protected":false},"excerpt":{"rendered":"<p>Herzlich Willkommen beim Abwasserzweckverband Heidelbach! &nbsp; Der Schutz unserer\u00a0Umwelt z\u00e4hlt gegenw\u00e4rtig zu einer der wichtigsten Aufgaben der menschlichen Daseinsvorsorge, zur Sicherung elementarer Lebensgrundlagen. Eine ordnungsgem\u00e4\u00dfe Abwasserentsorgung tr\u00e4gt ma\u00dfgebend zur Erhaltung und Verbesserung\u00a0der Qualit\u00e4t\u00a0der Wasserressourcen auf der ganzen Welt bei. Es liegt in unserer Verantwortung zu Handeln, f\u00fcr das Leben heute und f\u00fcr die Zukunft unserer [&hellip;]<\/p>\n","protected":false},"author":1,"featured_media":0,"parent":0,"menu_order":0,"comment_status":"closed","ping_status":"closed","template":"","meta":{"_et_pb_use_builder":"on","_et_pb_old_content":"","_et_gb_content_width":"","footnotes":""},"class_list":["post-21","page","type-page","status-publish","hentry"],"_links":{"self":[{"href":"https:\/\/www.azv-heidelbach.de\/index.php?rest_route=\/wp\/v2\/pages\/21","targetHints":{"allow":["GET"]}}],"collection":[{"href":"https:\/\/www.azv-heidelbach.de\/index.php?rest_route=\/wp\/v2\/pages"}],"about":[{"href":"https:\/\/www.azv-heidelbach.de\/index.php?rest_route=\/wp\/v2\/types\/page"}],"author":[{"embeddable":true,"href":"https:\/\/www.azv-heidelbach.de\/index.php?rest_route=\/wp\/v2\/users\/1"}],"replies":[{"embeddable":true,"href":"https:\/\/www.azv-heidelbach.de\/index.php?rest_route=%2Fwp%2Fv2%2Fcomments&post=21"}],"version-history":[{"count":26,"href":"https:\/\/www.azv-heidelbach.de\/index.php?rest_route=\/wp\/v2\/pages\/21\/revisions"}],"predecessor-version":[{"id":1218,"href":"https:\/\/www.azv-heidelbach.de\/index.php?rest_route=\/wp\/v2\/pages\/21\/revisions\/1218"}],"wp:attachment":[{"href":"https:\/\/www.azv-heidelbach.de\/index.php?rest_route=%2Fwp%2Fv2%2Fmedia&parent=21"}],"curies":[{"name":"wp","href":"https:\/\/api.w.org\/{rel}","templated":true}]}}